{"id":14,"date":"2011-04-10T15:30:28","date_gmt":"2011-04-10T15:30:28","guid":{"rendered":"http:\/\/www.chateaudepeyrins.fr\/?page_id=14"},"modified":"2011-04-12T10:49:18","modified_gmt":"2011-04-12T10:49:18","slug":"un-peu-dhistoire","status":"publish","type":"page","link":"http:\/\/www.chateaudepeyrins.fr\/?page_id=14","title":{"rendered":"Un peu d&rsquo;histoire&#8230;"},"content":{"rendered":"<p style=\"text-align: justify;\"><strong>C\u2019est au 17\u00e8me si\u00e8cle que fut b\u00e2ti le ch\u00e2teau actuel de Peyrins,  certainement \u00e0 partir des pierres d\u2019un \u00e9difice d\u00e9j\u00e0 existant (fin  16\u00e8me). Soffrey de Calignon n\u2019en eut la jouissance que fort peu de  temps, mais sa descendance, de Calignon, puis, de Chabri\u00e8re, puis de  Sallmard, habit\u00e8rent la maison jusqu\u2019en septembre 1935, date \u00e0 laquelle  la famille Chesneau fit son entr\u00e9e dans cette demeure jusqu\u2019\u00e0 nos jours.<\/strong><\/p>\n<p style=\"text-align: justify;\"><strong>L&rsquo;histoire du ch\u00e2teau de Peyrins a \u00e9t\u00e9 marqu\u00e9e par deux personnages qui ont chacun \u00e0 leur mani\u00e8re \u00e9t\u00e9 un reflet de leur \u00e9poque (cliquer sur les noms pour une histoire d\u00e9taill\u00e9e):<\/strong><br \/>\n<strong> <a href=\"http:\/\/www.chateaudepeyrins.fr\/?page_id=488\">&#8211; Soffrey de Calignon :<\/a> chancelier du Roi de Navarre Henri IV et l&rsquo;un des principaux r\u00e9dacteurs de l\u2019\u00c9dit de Nantes (par lequel le roi de France reconna\u00eet la libert\u00e9 de culte aux protestants), qui fut le premier occupant du ch\u00e2teau de Peyrins.<\/strong><br \/>\n<strong> <a href=\"http:\/\/www.chateaudepeyrins.fr\/?page_id=490\">&#8211; Germaine Chesneau :<\/a> directrice d&rsquo;un foyer d&rsquo;accueil au ch\u00e2teau de Peyrins et grand-m\u00e8re de l&rsquo;actuel occupante du ch\u00e2teau, elle a notamment re\u00e7u la m\u00e9daille des Justes pour avoir sauv\u00e9 des dizaines d&rsquo;enfants juifs des nazis.<\/strong><\/p>\n<h3 style=\"text-align: center;\"><a href=\"http:\/\/www.chateaudepeyrins.fr\/?page_id=488\"><strong>Soffrey de Callignon<\/strong><\/a><\/h3>\n<p><a href=\"http:\/\/www.chateaudepeyrins.fr\/?page_id=488\"><strong> <\/strong><img loading=\"lazy\" decoding=\"async\" class=\"aligncenter size-thumbnail wp-image-190\" title=\"CALIGNON\" src=\"http:\/\/www.chateaudepeyrins.fr\/wp-content\/uploads\/2011\/04\/CALIGNON-200x150.jpg\" alt=\"\" width=\"200\" height=\"159\" \/><\/a><\/p>\n<h3 style=\"text-align: center;\"><a href=\"http:\/\/www.chateaudepeyrins.fr\/?page_id=490\"><strong>Germaine Chesneau<\/strong><\/a><\/h3>\n<p><a href=\"http:\/\/www.chateaudepeyrins.fr\/?page_id=490\"><img loading=\"lazy\" decoding=\"async\" class=\"aligncenter size-thumbnail wp-image-111\" title=\"CHESNEAU\" src=\"http:\/\/www.chateaudepeyrins.fr\/wp-content\/uploads\/2011\/04\/CHESNEAU-200x150.jpg\" alt=\"\" width=\"200\" height=\"150\" srcset=\"http:\/\/www.chateaudepeyrins.fr\/wp-content\/uploads\/2011\/04\/CHESNEAU-200x150.jpg 200w, http:\/\/www.chateaudepeyrins.fr\/wp-content\/uploads\/2011\/04\/CHESNEAU-401x301.jpg 401w\" sizes=\"auto, (max-width: 200px) 100vw, 200px\" \/><\/a><br \/>\n<span> <\/span><\/p>\n<p>&nbsp;<\/p>\n","protected":false},"excerpt":{"rendered":"<p>C\u2019est au 17\u00e8me si\u00e8cle que fut b\u00e2ti le ch\u00e2teau actuel de Peyrins, certainement \u00e0 partir des pierres d\u2019un \u00e9difice d\u00e9j\u00e0 existant (fin 16\u00e8me). Soffrey de Calignon n\u2019en eut la jouissance [&#038;hellip<\/p>\n","protected":false},"author":1,"featured_media":0,"parent":0,"menu_order":0,"comment_status":"open","ping_status":"open","template":"","meta":{"__cvm_playback_settings":[],"__cvm_video_id":"","footnotes":""},"class_list":["post-14","page","type-page","status-publish","hentry"],"_links":{"self":[{"href":"http:\/\/www.chateaudepeyrins.fr\/index.php?rest_route=\/wp\/v2\/pages\/14","targetHints":{"allow":["GET"]}}],"collection":[{"href":"http:\/\/www.chateaudepeyrins.fr\/index.php?rest_route=\/wp\/v2\/pages"}],"about":[{"href":"http:\/\/www.chateaudepeyrins.fr\/index.php?rest_route=\/wp\/v2\/types\/page"}],"author":[{"embeddable":true,"href":"http:\/\/www.chateaudepeyrins.fr\/index.php?rest_route=\/wp\/v2\/users\/1"}],"replies":[{"embeddable":true,"href":"http:\/\/www.chateaudepeyrins.fr\/index.php?rest_route=%2Fwp%2Fv2%2Fcomments&post=14"}],"version-history":[{"count":36,"href":"http:\/\/www.chateaudepeyrins.fr\/index.php?rest_route=\/wp\/v2\/pages\/14\/revisions"}],"predecessor-version":[{"id":529,"href":"http:\/\/www.chateaudepeyrins.fr\/index.php?rest_route=\/wp\/v2\/pages\/14\/revisions\/529"}],"wp:attachment":[{"href":"http:\/\/www.chateaudepeyrins.fr\/index.php?rest_route=%2Fwp%2Fv2%2Fmedia&parent=14"}],"curies":[{"name":"wp","href":"https:\/\/api.w.org\/{rel}","templated":true}]}}